d i.
8
Let g = 3 - 6. Let s = g - -27. What is the highest common factor of s and 60?
12
Let j(l) = l**2 - 10*l + 5. Let c be j(10). Suppose 3*b - 202 = -m + c*m, 0 = 3*b - 2*m - 206. What is the highest common factor of 14 and b?
14
Suppose 0 = -11*m + 8*m + 378. Calculate the greatest common factor of m and 14.
14
Let f(g) = g**3 + 6*g**2 + 3*g - 5. Let p be f(-5). Suppose -s + p = -7. Calculate the highest common divisor of 96 and s.
12
Let n be 5 - (-108)/1 - 3. Suppose 0 = 4*p - 24 - 20. Suppose -p = i - 2*i. What is the highest common divisor of n and i?
11
Suppose 3*o = -j + 58 - 13, 15 = 5*j. What is the highest common factor of o and 14?
14
Suppose 281 = -7*n + 1737. What is the highest common divisor of 52 and n?
52
Let j(m) = 66*m**3 - m**2 + 1. Let x be j(1). Suppose 3*q + 0 = x. Let h be 2/(-6) - 166/(-3). Calculate the greatest common divisor of h and q.
11
Suppose 37 = 3*n - 155. Suppose -5*j - 1 = 2*p - p, -5*p - 53 = j. Let v = p + 19. Calculate the highest common factor of v and n.
8
Suppose -11*y = -38 - 50. Calculate the greatest common divisor of y and 4.
4
Suppose 0 = 2*m + 10, 4*w + 12 = 2*m + 46. Suppose -5*b - 2*g = -82, 5*b + 4*g + 32 = 106. What is the highest common divisor of w and b?
6
Suppose -y + 3*y = 0. Let g(c) = c**2 - c + 12. Let v be g(y). Let z = 1 - -2. What is the greatest common divisor of v and z?
3
Let z = 19 + -3. Suppose 2*m - z = -t + 6*m, -2*t - 4 = 4*m. Suppose -t + 1 = -l. Calculate the greatest common factor of 3 and l.
3
Suppose -5*u + 18 = -32. Let c be 56/10 + 4/u. Calculate the highest common factor of 36 and c.
6
Suppose z = 4*z - 108. Calculate the greatest common factor of z and 12.
12
Suppose 0*o - 18 = 3*o. Let y be o/(-4)*16/3. What is the greatest common factor of y and 8?
8
Suppose -2*s + 147 = 5*q, -3*q + 213 = 3*s + 2*q. Let i(k) = k**3 + k**2 + 6. Let r be i(0). What is the greatest common factor of r and s?
6
Suppose -2*g + 2 = 4. Let u be (2/2 + g)*1. Let q be 21 + 0/2 + u. What is the greatest common factor of 3 and q?
3
Let f be 3 - (4 + (-4 - 1)). Calculate the highest common divisor of 1 and f.
1
Suppose -3*o = -4*d - 12 + 44, 2*d = 4*o + 16. Let i be ((-2)/3)/((-4)/(-168)). Let c = i - -40. What is the highest common divisor of c and d?
4
Suppose 0*t + 2*t - 18 = 0. Suppose t = 4*b - b. What is the highest common divisor of 1 and b?
1
Suppose -14*i = -11*i - 195. What is the highest common factor of i and 13?
13
Let k = -7 - -95. What is the highest common divisor of k and 8?
8
Let y = 69 - -18. Suppose -5*g + 3*h + 53 + y = 0, 5*g + 3*h = 110. What is the greatest common factor of 5 and g?
5
Let g(h) = -h**3 - h**2 + 4*h - 3. Let m be g(2). Let f be (2/(-2))/(1/m). Suppose -2*y = -3*y + 77. What is the highest common factor of f and y?
7
Suppose k + g - 19 = 0, 2*k + 87 = 7*k + g. What is the greatest common divisor of k and 85?
17
Let f(a) = a**3 + 3*a. Let c be f(3). Let t = c + -6. What is the greatest common factor of t and 20?
10
Suppose 2*j = -6*j + 336. What is the greatest common factor of 14 and j?
14
Suppose 10*n - 8*n = 782. Calculate the highest common divisor of n and 23.
23
Suppose 3*t + 2*t = 35. Suppose -5*p = n - 42, -2*p - 164 = -3*n + 2*p. Let h = 11 + n. Calculate the greatest common factor of t and h.
7
Suppose -63 = -19*d + 18*d. Calculate the highest common divisor of 7 and d.
7
Suppose 0 = -3*w - 4*a - 16 + 134, 2*w - 77 = -a. What is the highest common factor of w and 57?
19
Suppose 0*n - 3*n + 39 = 0. Let q(g) = g**3 + 4*g**2 + 8*g - 17. Let z be q(4). What is the greatest common divisor of n and z?
13
Let o(z) = -z**2 - 8*z - 5. Suppose 0 = c - 5*h + 11, -6*h = -3*h - 12. Let w = -14 + c. Let t be o(w). What is the highest common divisor of t and 25?
5
Let z = 14 + -1. Let s(d) = z*d - 3 - 2 + 1. Let r be s(3). Calculate the highest common factor of 7 and r.
7
Suppose 0 = -3*z + 3 + 9. Suppose m - z*f - 55 = 0, 0 = -2*m - 0*f + f + 110. Let t be 3 - (1*-2 + 0). What is the greatest common factor of t and m?
5
Let p(n) = 3*n**2 + 6*n - 14. Let g be p(4). Calculate the highest common factor of 116 and g.
58
Let w = -118 + 152. Calculate the highest common divisor of 238 and w.
34
Suppose -s - 28 = -0*s. Let o = -15 - s. What is the highest common factor of 91 and o?
13
Let y = 3 + 0. Let k = 3 - y. Suppose -3*q + 5 - 2 = r, -5*r - 3*q + 63 = k. Calculate the highest common divisor of 15 and r.
15
Let k be (-16)/24 - (-20)/3. Let t(i) = i**2 + 4*i - 4. Let z be t(k). Let w = -13 - -20. Calculate the greatest common factor of w and z.
7
Let g(b) = -b + 2. Let j be g(6). Let m be 10/(-20) + (-102)/j. Calculate the greatest common divisor of m and 10.
5
Let g(u) = 2*u**3 - 3*u**2 - 4*u. Let h be g(3). Suppose -w + 2*w - h = 0. Calculate the greatest common divisor of 5 and w.
5
Suppose -38 = -6*c + 34. Calculate the highest common divisor of c and 12.
12
Let b = 52 - 1. Let q = 91 - b. What is the greatest common factor of q and 5?
5
Let d(o) = -2*o**3 - 2*o + 1. Let b be d(-2). Suppose -4*c = -2*j - 334, 0 = 4*c + 2*j - 141 - 197. What is the greatest common factor of c and b?
21
Suppose -2*r = -0*i + i - 3, i - 4*r = 33. Let o = 41 - 28. Calculate the highest common factor of i and o.
13
Let o = -10 + 9. Let q be 1/o*(-12)/4. Calculate the highest common factor of 24 and q.
3
Suppose -33 = -5*l + v + 3*v, 4*v - 2 = -2*l. Suppose 0 = -2*u - 2, -l*t + u = -2*u - 93. What is the highest common divisor of t and 9?
9
Let z(t) be the first derivative of 4*t**3/3 + 3*t**2/2 - t - 2. Let r be z(-5). Calculate the greatest common divisor of 12 and r.
12
Let y = 12 + 237. Suppose -y - 51 = -5*k. Calculate the greatest common factor of k and 24.
12
Suppose -4*s + 4*y = 0, 0*s - 5*y = s + 30. Let a = s + 7. Calculate the highest common divisor of 2 and a.
2
Let t be (((-12)/9)/(-4))/((-7)/(-126)). What is the greatest common factor of t and 30?
6
Suppose -4*s + 3 = 7, -5*j - 5*s + 5 = 0. Suppose j*x - 32 = 34. What is the highest common divisor of x and 11?
11
Let m = -419 + 709. What is the highest common factor of 29 and m?
29
Suppose 0 = -2*u + o + 29 + 23, 3*u - 5*o - 64 = 0. Let l = 47 - 43. Calculate the greatest common factor of l and u.
4
Suppose -f + 6*f - 225 = 0. Suppose 33 - 5 = -d. Let w = 58 + d. What is the greatest common divisor of w and f?
15
Suppose -236 = -4*v + 4*n, 0 = -v - 3*n + 62 + 13. What is the highest common factor of 9 and v?
9
Let p = 202 + -59. Calculate the highest common divisor of 13 and p.
13
Let g(x) = x**3. Let m be g(4). Calculate the highest common divisor of 16 and m.
16
Suppose -2*o - 100 = -2*p, 2*p - 300 = -3*p - 5*o. Calculate the highest common factor of p and 5.
5
Suppose 0 = 6*i - 2*i - 2*h - 74, -3*h - 39 = -2*i. Suppose 349 - 61 = 4*j. What is the greatest common factor of i and j?
18
Let f be -4*(-3 + (4 - 3)). Calculate the highest common divisor of 20 and f.
4
Suppose -5*s = -3*t - 16 + 2, -4*s + 26 = 5*t. Suppose 8 - 2 = t*n. Calculate the greatest common divisor of n and 6.
3
Let r(v) = v**3 + 5*v**2 + 3*v. Let m be r(-3). Calculate the highest common divisor of 9 and m.
9
Suppose r - 3*p - 54 = 42, 4*p + 458 = 5*r. Calculate the greatest common factor of r and 10.
10
Let t(d) = -d**2 + 6*d + 7. Let r be t(6). What is the greatest common divisor of 7 and r?
7
Suppose 3*f - 48 = 48. Suppose -2*c + f = -0*c. What is the greatest common factor of 128 and c?
16
Let y = -24 + 49. What is the highest common divisor of 10 and y?
5
Let g(x) = -x**2 - 9*x + 8. Let n be (-69)/9 - 2/(-3). Let i be g(n). Calculate the greatest common divisor of 220 and i.
22
Let r = 67 + 10. Calculate the highest common factor of 11 and r.
11
Suppose x = 0, 45 = -y - x + 15. Let v = 35 + y. What is the greatest common divisor of v and 5?
5
Let k(o) = -3*o. Let c be (-20)/6 + (-2)/3. Let h be k(c). Suppose 150 = 5*n - 3*j, -2*j = n - 3 - 27. What is the greatest common factor of n and h?
6
Let w(t) = -4*t**3 + t**2 + 3*t - 9. Let a(u) = -u**3 + u + 1. Let o(r) = 3*a(r) - w(r). Let b be o(0). Calculate the highest common divisor of 8 and b.
4
Suppose 4*c + 312 = 3*l + 5*c, c + 528 = 5*l. Suppose 7*d = 2*d - 5*x + l, 2 = -2*x. What is the greatest common divisor of d and 22?
22
Let n = 13 + -8. Let s(r) = r - 5. Let y be s(n). Suppo